{"id":79,"date":"2016-01-23T18:07:36","date_gmt":"2016-01-23T17:07:36","guid":{"rendered":"http:\/\/myprods.fr\/?page_id=79"},"modified":"2016-01-24T14:57:51","modified_gmt":"2016-01-24T13:57:51","slug":"a-propos-du-son-radio","status":"publish","type":"page","link":"https:\/\/myprods.fr\/index.php\/conseils\/a-propos-du-son-radio\/","title":{"rendered":"A propos du son \u00ab\u00a0Radio\u00a0\u00bb"},"content":{"rendered":"<p>[et_pb_section admin_label=\u00a0\u00bbsection\u00a0\u00bb transparent_background=\u00a0\u00bboff\u00a0\u00bb background_color=\u00a0\u00bb#eeeeee\u00a0\u00bb allow_player_pause=\u00a0\u00bboff\u00a0\u00bb inner_shadow=\u00a0\u00bboff\u00a0\u00bb parallax=\u00a0\u00bboff\u00a0\u00bb parallax_method=\u00a0\u00bboff\u00a0\u00bb padding_mobile=\u00a0\u00bboff\u00a0\u00bb make_fullwidth=\u00a0\u00bboff\u00a0\u00bb use_custom_width=\u00a0\u00bboff\u00a0\u00bb width_unit=\u00a0\u00bbon\u00a0\u00bb make_equal=\u00a0\u00bboff\u00a0\u00bb use_custom_gutter=\u00a0\u00bboff\u00a0\u00bb gutter_width=\u00a0\u00bb3&Prime;][et_pb_row admin_label=\u00a0\u00bbrow\u00a0\u00bb][et_pb_column type=\u00a0\u00bb4_4&Prime;][et_pb_text admin_label=\u00a0\u00bbTexte\u00a0\u00bb background_layout=\u00a0\u00bblight\u00a0\u00bb text_orientation=\u00a0\u00bbleft\u00a0\u00bb text_font_size=\u00a0\u00bb14&Prime; use_border_color=\u00a0\u00bboff\u00a0\u00bb border_color=\u00a0\u00bb#ffffff\u00a0\u00bb border_style=\u00a0\u00bbsolid\u00a0\u00bb]<\/p>\n<h1 style=\"text-align: center;\">A propos du son \u00ab\u00a0Radio\u00a0\u00bb<\/h1>\n<p>Lorsque vous entendez un disque \u00e0 la radio, le son \u00e9mis n&rsquo;est pas le m\u00eame que celui du CD.<\/p>\n<p>En effet, les radios traitent le son des CD afin d&rsquo;\u00e9mettre avec un maximum de volume.<\/p>\n<p>Le principal traitement utilis\u00e9 est la compression multi-bande (appareils de marque Orban et Aphex notamment).<\/p>\n<p>L&rsquo;objectif est de flatter l&rsquo;oreille de l&rsquo;auditeur d\u00e8s la premi\u00e8re seconde d&rsquo;\u00e9coute pour que celui-ci ne zappe pas.<\/p>\n<p>Mais toute m\u00e9daille a son revers : la surcompression provoque une distorsion du son qui nuit \u00e0 sa qualit\u00e9.<\/p>\n<p>Par cons\u00e9quent, si vous esp\u00e9rez un jour que votre titre passe \u00e0 la radio, il ne faut surtout pas que votre CD aie d\u00e9j\u00e0 un son \u00ab\u00a0radio\u00a0\u00bb.<\/p>\n<p>Sinon, la musique diffus\u00e9e aura subi deux fois le m\u00eame traitement.<\/p>\n<p>Attention \u00e9galement aux petites cha\u00eenes hi-fi ou aux t\u00e9l\u00e9viseurs r\u00e9cents, qui ont devant leur ampli un processeur qui va ajouter des harmoniques au son.<\/p>\n<p>L&rsquo;objectif est de vous faire ressentir des basses que leurs petites enceintes ne peuvent pas reproduire.<\/p>\n<p>Ce principe psycho-acoustique, appel\u00e9 \u00ab\u00a0fondamentale manquante\u00a0\u00bb, perturbe l&rsquo;\u00e9ducation d&rsquo;une oreille objective.<\/p>\n<p>[\/et_pb_text][\/et_pb_column][\/et_pb_row][\/et_pb_section]<\/p>\n","protected":false},"excerpt":{"rendered":"<p>A propos du son \u00ab\u00a0Radio\u00a0\u00bb Lorsque vous entendez un disque \u00e0 la radio, le son \u00e9mis n&rsquo;est pas le m\u00eame que celui du CD. En effet, les radios traitent le son des CD afin d&rsquo;\u00e9mettre avec un maximum de volume. Le principal traitement utilis\u00e9 est la compression multi-bande (appareils de marque Orban et Aphex notamment). [&hellip;]<\/p>\n","protected":false},"author":1,"featured_media":0,"parent":71,"menu_order":0,"comment_status":"closed","ping_status":"closed","template":"","meta":{"_et_pb_use_builder":"on","_et_pb_old_content":"","_et_gb_content_width":"","footnotes":""},"class_list":["post-79","page","type-page","status-publish","hentry"],"_links":{"self":[{"href":"https:\/\/myprods.fr\/index.php\/wp-json\/wp\/v2\/pages\/79","targetHints":{"allow":["GET"]}}],"collection":[{"href":"https:\/\/myprods.fr\/index.php\/wp-json\/wp\/v2\/pages"}],"about":[{"href":"https:\/\/myprods.fr\/index.php\/wp-json\/wp\/v2\/types\/page"}],"author":[{"embeddable":true,"href":"https:\/\/myprods.fr\/index.php\/wp-json\/wp\/v2\/users\/1"}],"replies":[{"embeddable":true,"href":"https:\/\/myprods.fr\/index.php\/wp-json\/wp\/v2\/comments?post=79"}],"version-history":[{"count":5,"href":"https:\/\/myprods.fr\/index.php\/wp-json\/wp\/v2\/pages\/79\/revisions"}],"predecessor-version":[{"id":346,"href":"https:\/\/myprods.fr\/index.php\/wp-json\/wp\/v2\/pages\/79\/revisions\/346"}],"up":[{"embeddable":true,"href":"https:\/\/myprods.fr\/index.php\/wp-json\/wp\/v2\/pages\/71"}],"wp:attachment":[{"href":"https:\/\/myprods.fr\/index.php\/wp-json\/wp\/v2\/media?parent=79"}],"curies":[{"name":"wp","href":"https:\/\/api.w.org\/{rel}","templated":true}]}}